[INFO] fetching crate deribit 0.3.3...
[INFO] checking deribit-0.3.3 against master#e6e4f7ed1589e03bc2f6c5931c1a72e7947e8682 for beta-170-4
[INFO] extracting crate deribit 0.3.3 into /workspace/builds/worker-5-tc2/source
[INFO] validating manifest of crates.io crate deribit 0.3.3 on toolchain e6e4f7ed1589e03bc2f6c5931c1a72e7947e8682
[INFO] running `Command { std: CARGO_HOME="/workspace/cargo-home" RUSTUP_HOME="/workspace/rustup-home" "/workspace/cargo-home/bin/cargo" "+e6e4f7ed1589e03bc2f6c5931c1a72e7947e8682" "metadata" "--manifest-path" "Cargo.toml" "--no-deps", kill_on_drop: false }`
[INFO] started tweaking crates.io crate deribit 0.3.3
[INFO] finished tweaking crates.io crate deribit 0.3.3
[INFO] tweaked toml for crates.io crate deribit 0.3.3 written to /workspace/builds/worker-5-tc2/source/Cargo.toml
[INFO] crate crates.io crate deribit 0.3.3 already has a lockfile, it will not be regenerated
[INFO] running `Command { std: CARGO_HOME="/workspace/cargo-home" RUSTUP_HOME="/workspace/rustup-home" "/workspace/cargo-home/bin/cargo" "+e6e4f7ed1589e03bc2f6c5931c1a72e7947e8682" "fetch" "--manifest-path" "Cargo.toml", kill_on_drop: false }`
[INFO] running `Command { std: "docker" "create" "-v" "/var/lib/crater-agent-workspace/builds/worker-5-tc2/target:/opt/rustwide/target:rw,Z" "-v" "/var/lib/crater-agent-workspace/builds/worker-5-tc2/source:/opt/rustwide/workdir:ro,Z" "-v" "/var/lib/crater-agent-workspace/cargo-home:/opt/rustwide/cargo-home:ro,Z" "-v" "/var/lib/crater-agent-workspace/rustup-home:/opt/rustwide/rustup-home:ro,Z" "-e" "SOURCE_DIR=/opt/rustwide/workdir" "-e" "CARGO_TARGET_DIR=/opt/rustwide/target" "-e" "CARGO_HOME=/opt/rustwide/cargo-home" "-e" "RUSTUP_HOME=/opt/rustwide/rustup-home" "-w" "/opt/rustwide/workdir" "-m" "1610612736" "--user" "0:0" "--network" "none" "ghcr.io/rust-lang/crates-build-env/linux@sha256:19e73879b68f455e41552ea35293514db52ea292d993f571636dbffedb77a1ee" "/opt/rustwide/cargo-home/bin/cargo" "+e6e4f7ed1589e03bc2f6c5931c1a72e7947e8682" "metadata" "--no-deps" "--format-version=1", kill_on_drop: false }`
[INFO] [stdout] 53c885a297db111d9c0616d53a682eef67d34999fdfb1597bab347bc6bbabe12
[INFO] running `Command { std: "docker" "start" "-a" "53c885a297db111d9c0616d53a682eef67d34999fdfb1597bab347bc6bbabe12", kill_on_drop: false }`
[INFO] running `Command { std: "docker" "inspect" "53c885a297db111d9c0616d53a682eef67d34999fdfb1597bab347bc6bbabe12", kill_on_drop: false }`
[INFO] running `Command { std: "docker" "rm" "-f" "53c885a297db111d9c0616d53a682eef67d34999fdfb1597bab347bc6bbabe12", kill_on_drop: false }`
[INFO] [stdout] 53c885a297db111d9c0616d53a682eef67d34999fdfb1597bab347bc6bbabe12
[INFO] running `Command { std: "docker" "create" "-v" "/var/lib/crater-agent-workspace/builds/worker-5-tc2/target:/opt/rustwide/target:rw,Z" "-v" "/var/lib/crater-agent-workspace/builds/worker-5-tc2/source:/opt/rustwide/workdir:ro,Z" "-v" "/var/lib/crater-agent-workspace/cargo-home:/opt/rustwide/cargo-home:ro,Z" "-v" "/var/lib/crater-agent-workspace/rustup-home:/opt/rustwide/rustup-home:ro,Z" "-e" "SOURCE_DIR=/opt/rustwide/workdir" "-e" "CARGO_TARGET_DIR=/opt/rustwide/target" "-e" "CARGO_INCREMENTAL=0" "-e" "RUST_BACKTRACE=full" "-e" "RUSTFLAGS=--cap-lints=forbid" "-e" "RUSTDOCFLAGS=--cap-lints=forbid" "-e" "CARGO_HOME=/opt/rustwide/cargo-home" "-e" "RUSTUP_HOME=/opt/rustwide/rustup-home" "-w" "/opt/rustwide/workdir" "-m" "1610612736" "--user" "0:0" "--network" "none" "ghcr.io/rust-lang/crates-build-env/linux@sha256:19e73879b68f455e41552ea35293514db52ea292d993f571636dbffedb77a1ee" "/opt/rustwide/cargo-home/bin/cargo" "+e6e4f7ed1589e03bc2f6c5931c1a72e7947e8682" "check" "--frozen" "--all" "--all-targets" "--message-format=json", kill_on_drop: false }`
[INFO] [stdout] 342e38929a4b945cbb78efc60663b516bf0cf0424db802e54c0e7765767c5c37
[INFO] running `Command { std: "docker" "start" "-a" "342e38929a4b945cbb78efc60663b516bf0cf0424db802e54c0e7765767c5c37", kill_on_drop: false }`
[INFO] [stderr]    Compiling proc-macro2 v1.0.55
[INFO] [stderr]    Compiling libc v0.2.140
[INFO] [stderr]    Compiling syn v1.0.109
[INFO] [stderr]    Compiling log v0.4.17
[INFO] [stderr]    Compiling futures-core v0.3.28
[INFO] [stderr]    Compiling futures-channel v0.3.28
[INFO] [stderr]    Compiling futures-util v0.3.28
[INFO] [stderr]    Compiling rustls v0.20.8
[INFO] [stderr]     Checking futures-sink v0.3.28
[INFO] [stderr]    Compiling tokio v1.27.0
[INFO] [stderr]     Checking crypto-common v0.1.6
[INFO] [stderr]     Checking block-buffer v0.10.4
[INFO] [stderr]    Compiling io-lifetimes v1.0.9
[INFO] [stderr]    Compiling thiserror v1.0.40
[INFO] [stderr]     Checking futures-io v0.3.28
[INFO] [stderr]    Compiling serde_derive v1.0.159
[INFO] [stderr]    Compiling rustix v0.37.6
[INFO] [stderr]     Checking cpufeatures v0.2.6
[INFO] [stderr]    Compiling serde v1.0.159
[INFO] [stderr]     Checking digest v0.10.6
[INFO] [stderr]     Checking rustls-native-certs v0.6.2
[INFO] [stderr]     Checking aho-corasick v0.7.20
[INFO] [stderr]     Checking regex-syntax v0.6.29
[INFO] [stderr]     Checking utf-8 v0.7.6
[INFO] [stderr]    Compiling anyhow v1.0.70
[INFO] [stderr]     Checking sha1 v0.10.5
[INFO] [stderr]    Compiling paste v1.0.12
[INFO] [stderr]     Checking base64 v0.13.1
[INFO] [stderr]    Compiling either v1.8.1
[INFO] [stderr]     Checking linux-raw-sys v0.3.1
[INFO] [stderr]    Compiling serde_json v1.0.95
[INFO] [stderr]    Compiling bitflags v1.3.2
[INFO] [stderr]     Checking iana-time-zone v0.1.54
[INFO] [stderr]    Compiling itertools v0.8.2
[INFO] [stderr]    Compiling quote v1.0.26
[INFO] [stderr]    Compiling syn v2.0.13
[INFO] [stderr]     Checking ring v0.16.20
[INFO] [stderr]     Checking getrandom v0.2.8
[INFO] [stderr]     Checking socket2 v0.4.9
[INFO] [stderr]     Checking num_cpus v1.15.0
[INFO] [stderr]     Checking mio v0.8.6
[INFO] [stderr]     Checking time v0.1.45
[INFO] [stderr]     Checking rand_core v0.6.4
[INFO] [stderr]     Checking chrono v0.4.24
[INFO] [stderr]     Checking rand_chacha v0.3.1
[INFO] [stderr]     Checking rand v0.8.5
[INFO] [stderr]     Checking regex v1.7.3
[INFO] [stderr]     Checking sct v0.7.0
[INFO] [stderr]     Checking webpki v0.22.0
[INFO] [stderr]     Checking is-terminal v0.4.6
[INFO] [stderr]     Checking env_logger v0.10.0
[INFO] [stderr]    Compiling futures-macro v0.3.28
[INFO] [stderr]    Compiling thiserror-impl v1.0.40
[INFO] [stderr]    Compiling tokio-macros v2.0.0
[INFO] [stderr]     Checking tungstenite v0.18.0
[INFO] [stderr]    Compiling darling_core v0.14.4
[INFO] [stderr]    Compiling pin-project-internal v1.0.12
[INFO] [stderr]    Compiling fehler-macros v1.0.0
[INFO] [stderr]    Compiling shrinkwraprs v0.3.0
[INFO] [stderr]     Checking tokio-rustls v0.23.4
[INFO] [stderr]    Compiling darling_macro v0.14.4
[INFO] [stderr]     Checking futures-executor v0.3.28
[INFO] [stderr]     Checking tokio-tungstenite v0.18.0
[INFO] [stderr]     Checking futures v0.3.28
[INFO] [stderr]     Checking pin-project v1.0.12
[INFO] [stderr]     Checking fehler v1.0.0
[INFO] [stderr]    Compiling darling v0.14.4
[INFO] [stderr]    Compiling derive_builder_core v0.12.0
[INFO] [stderr]    Compiling derive_builder_macro v0.12.0
[INFO] [stderr]     Checking derive_builder v0.12.0
[INFO] [stderr]     Checking deribit v0.3.3 (/opt/rustwide/workdir)
[INFO] [stdout] error[E0432]: unresolved import `dotenv`
[INFO] [stdout]  --> examples/heartbeat.rs:6:5
[INFO] [stdout]   |
[INFO] [stdout] 6 | use dotenv::dotenv;
[INFO] [stdout]   |     ^^^^^^ use of undeclared crate or module `dotenv`
[INFO] [stdout] 
[INFO] [stdout] 
[INFO] [stdout] error[E0432]: unresolved import `dotenv`
[INFO] [stdout]  --> examples/subscription.rs:8:5
[INFO] [stdout]   |
[INFO] [stdout] 8 | use dotenv::dotenv;
[INFO] [stdout]   |     ^^^^^^ use of undeclared crate or module `dotenv`
[INFO] [stdout] 
[INFO] [stdout] 
[INFO] [stdout] error[E0432]: unresolved import `dotenv`
[INFO] [stdout]  --> examples/authentication.rs:6:5
[INFO] [stdout]   |
[INFO] [stdout] 6 | use dotenv::dotenv;
[INFO] [stdout]   |     ^^^^^^ use of undeclared crate or module `dotenv`
[INFO] [stdout] 
[INFO] [stdout] 
[INFO] [stdout] error: aborting due to previous error
[INFO] [stdout] 
[INFO] [stdout] 
[INFO] [stdout] For more information about this error, try `rustc --explain E0432`.
[INFO] [stdout] 
[INFO] [stdout] error[E0432]: unresolved import `dotenv`
[INFO] [stdout]  --> examples/buysell.rs:6:5
[INFO] [stdout]   |
[INFO] [stdout] 6 | use dotenv::dotenv;
[INFO] [stdout]   |     ^^^^^^ use of undeclared crate or module `dotenv`
[INFO] [stdout] 
[INFO] [stdout] 
[INFO] [stdout] error: aborting due to previous error
[INFO] [stdout] 
[INFO] [stdout] 
[INFO] [stdout] For more information about this error, try `rustc --explain E0432`.
[INFO] [stdout] 
[INFO] [stderr] error: could not compile `deribit` (example "heartbeat") due to 2 previous errors
[INFO] [stderr] warning: build failed, waiting for other jobs to finish...
[INFO] [stderr] error: could not compile `deribit` (example "subscription") due to 2 previous errors
[INFO] [stdout] error: aborting due to previous error
[INFO] [stdout] 
[INFO] [stdout] 
[INFO] [stdout] For more information about this error, try `rustc --explain E0432`.
[INFO] [stdout] 
[INFO] [stdout] error: aborting due to previous error
[INFO] [stdout] 
[INFO] [stdout] 
[INFO] [stdout] For more information about this error, try `rustc --explain E0432`.
[INFO] [stdout] 
[INFO] [stderr] error: could not compile `deribit` (example "buysell") due to 2 previous errors
[INFO] [stderr] error: could not compile `deribit` (example "authentication") due to 2 previous errors
[INFO] running `Command { std: "docker" "inspect" "342e38929a4b945cbb78efc60663b516bf0cf0424db802e54c0e7765767c5c37", kill_on_drop: false }`
[INFO] running `Command { std: "docker" "rm" "-f" "342e38929a4b945cbb78efc60663b516bf0cf0424db802e54c0e7765767c5c37", kill_on_drop: false }`
[INFO] [stdout] 342e38929a4b945cbb78efc60663b516bf0cf0424db802e54c0e7765767c5c37
